 - 1/60*t**5 + 1/4*t**4 + 0 - t. Let c(s) be the third derivative of v(s). What is c(-4)?
6
Let a(t) be the first derivative of -t**4/4 + t**3 + t**2/2 - 2*t - 1. Suppose -738*o + 3 = -737*o. Calculate a(o).
1
Let b(w) = 5*w + 2. Let i = 49 - 36. Let q be 1*-4 - (-26)/i. Determine b(q).
-8
Let v(z) be the first derivative of -z**4/4 + 5*z**3/3 - z**2 + 2*z - 393. Determine v(3).
14
Suppose -4*h - 72 = -4*k, 0 = 5*k + h - 112 - 2. Suppose 4*a - 16 = 3*a - 3*d, 0 = 4*a - 2*d - k. Let q(i) = -a*i + 4*i + 4*i - 1. What is q(-4)?
-5
Let x(m) = -2*m**2 + 13*m + 3. Let r(p) = -2*p**2 + 16*p + 4. Let i(l) = -2*r(l) + 3*x(l). What is i(6)?
-29
Let m = -80 - -83. Let a be 2/2*(2 + 1). Let u(c) = -2 - 4*c**a + 3*c**3 + 6 + c**2 - m. Give u(0).
1
Suppose 5 - 2 = -q. Let k(m) be the first derivative of -m**2/2 - 609. Determine k(q).
3
Let n(y) = -y - 1. Let i(r) be the second derivative of -r**4/12 - 7*r**3/6 - r**2 + 3*r. Let p(s) = -i(s) + 5*n(s). What is p(2)?
5
Let w(d) = d**3 - 5*d**2 + 7*d + 3. Let c(y) = -2*y**3 + 6*y**2 - 8*y - 5. Let v(o) = -2*c(o) - 3*w(o). Determine v(-4).
5
Let a(v) = -v + 3. Let u be a(7). Let w(z) be the third derivative of z**5/30 + 7*z**4/24 + z**3 + 48*z**2. Determine w(u).
10
Suppose 18 + 42 = -4*s. Let t = s - -16. Let y(i) = 2*i - i**2 - t - 2 - 2*i + 4*i. Give y(3).
0
Let l(z) = -z**2 + 16*z - 38. Let f be l(13). Let p(x) = -10*x**3 + 2*x**2 - 2*x + 1. Give p(f).
-9
Let t(c) = c**2 - 4*c - 2. Let u be (-1 + -2)*(-7 + 23). Let j be (-16)/u - 22/(-6). Give t(j).
-2
Let d = 245 + -239. Let a(j) = -j**3 + 8*j**2 - 9*j. Determine a(d).
18
Let n(d) = 11*d**2 - 1. Let q = -12 - -4. Let w(b) be the third derivative of b**5/60 + 7*b**4/24 - 3*b**3/2 - b**2 + 7*b. Let t be w(q). What is n(t)?
10
Let n = 7 + -2. Let a(b) be the first derivative of b**2/2 - 5*b + 24. Calculate a(n).
0
Let o(x) = -48 + 28 - 4*x + 21. Determine o(6).
-23
Let r(b) = -8*b - 5. Let h(x) = 1. Let k(f) = -2*h(f) - r(f). Determine k(-4).
-29
Suppose 414 - 550 = -17*w. Let o(y) = -y**2 + 7*y + 21. Calculate o(w).
13
Let n(z) = -5*z + 2. Let o be n(1). Let a(f) = -f**2 + 9*f + 5. Let p(d) = -2*d**2 + 10*d + 6. Let u(s) = o*a(s) + 2*p(s). What is u(-5)?
7
Let g(j) be the second derivative of -j**4/12 - 5*j**3/3 + 11*j**2/2 + 65*j. Determine g(-10).
11
Let w(r) = r**3 - 4*r**2 - 4*r + 2. Suppose 3*j - 58 = 8. Suppose -5*l + 3 + j = 0. Calculate w(l).
7
Let d(b) be the first derivative of b**4/4 - b**2 + 2*b + 58. Give d(1).
1
Let g(y) = -y**2 + 5*y - 6. Let a(b) = 4*b**2 - 16*b + 21. Let c(z) = 2*a(z) + 7*g(z). Determine c(-5).
10
Let z(s) = -s**3 - s**2 + 3*s - 3. Let m(k) = 2*k**2 + k + 3. Let r be m(-5). Let u = 33 - r. Let f = 12 + u. Determine z(f).
6
Let w(p) = p**2 - 14*p + 27. Let f(d) = d**2 - 11*d + 25. Let h(l) = -5*f(l) + 4*w(l). Calculate h(0).
-17
Let v(d) = -4*d**3 + 7*d**2 + 4*d + 12. Let n(a) = -63*a - 2*a**2 + a**2 + 8 + 66*a - 3*a**3 + 6*a**2. Let s(u) = -7*n(u) + 5*v(u). Determine s(-3).
-20
Let u(d) = d + 23 + 30 - 53 + 6*d. Calculate u(-8).
-56
Let w(v) be the second derivative of v**4/12 - v**3/2 - 2*v**2 + 81*v. What is w(5)?
6
Let w(k) be the second derivative of -k**7/2520 + k**6/144 - k**5/60 + k**4 + 5*k. Let d(v) be the third derivative of w(v). Calculate d(5).
-2
Let t(f) = -f**2 - 6*f + 1. Let x(o) = o + 16. Let r be x(-13). Let a be -2*r/(2 - -1). Let v be a*(-10)/(-4)*1. Calculate t(v).
6
Suppose -21*i + 23 + 19 = 0. Let k(w) be the second derivative of 5*w + i*w**2 - 7/6*w**3 + 0 + 1/12*w**4. Give k(5).
-6
Let l(m) = -m**2 - 2*m - 1. Let s = -40 + -54. Let q = s - -93. Determine l(q).
0
Let m be (-6)/18 - (-14)/(-3). Suppose o - 4*g + 4 = -14, -4*g + 20 = 0. Let a(t) = 9 - t**o - 2*t - 2*t - 4. What is a(m)?
0
Let p(f) = -f. Let x be (-4)/18 + (-280)/(-126). Calculate p(x).
-2
Let l = 14 + -12. Let f(s) = 6*s - 2. Let d(u) = -u**2 + 6*u - 3. Let b(j) = l*d(j) - 3*f(j). Let k(n) = n**2 + 1. Let g(i) = -b(i) - 3*k(i). Give g(5).
2
Let f(h) be the first derivative of -3*h**2/2 - 42. Calculate f(3).
-9
Let o(m) = -m**3 + 6*m**2 + m - 8. Let r be o(6). Let t(u) be the second derivative of 3*u**5/20 + u**4/6 - u**3/3 - u**2 + 4*u. Determine t(r).
-14
Let n(y) be the second derivative of y**4/12 - 3*y**3/2 - 3*y**2 - 2*y. Let z(q) = -q**2 - 4*q + 9. Let a be z(0). Calculate n(a).
-6
Let g(a) = -6*a**2 - 3*a - 3. Let v be g(-1). Let o(u) = u**3 + 6*u**2 + 4*u - 8. Determine o(v).
-32
Suppose 10 + 12 = -2*a. Let d(k) = -k**2 + 16*k - 6. Suppose -8 = 3*m - 2. Let f(v) = -3*v + 1. Let q(y) = a*f(y) + m*d(y). Give q(-2).
7
Let n(u) = -4*u + 4. Let t(i) = 7*i - 7. Let x(j) = -5*n(j) - 3*t(j). Let y(b) = b**2 - 6*b - 2. Let c(d) = -2*x(d) + y(d). What is c(6)?
8
Let p = 7 + 2. Let v(r) = -5 + 2 + p - 1 - r. Determine v(4).
1
Let w(u) = u**2 + 4*u - 2. Suppose 4*m + 4 = 0, 4*m - 1 + 3 = 2*y. Let v(c) = 6*c**3 + c**2 - 1. Let p be v(y). Let j be (3/p)/(2/12). Determine w(j).
-5
Let u(i) = i**2 + 5*i + 4. Let j be u(-5). Let o be 0 + -22*(j - 3). Let t = o - -24. Let m(c) = 2*c**2 - c - 2. Calculate m(t).
4
Let g(c) = -c**3 - c + 4. Let f be 0*4/8*-1. Suppose -5*p + f*p = -5. Let n(k) = -k**2 + 2*k - 1. Let t be n(p). What is g(t)?
4
Let j(t) be the third derivative of t**5/60 - 2*t**2. Let y = 46 - 44. Let v(n) = 3*n**2 + n. Let h(r) = y*j(r) - v(r). What is h(-3)?
-6
Let r(w) = 9*w + 2*w**2 - 62 + 60 - w**2 + 2*w. Let m(t) = t + 1. Let a(d) = -5*d - 1. Let c be a(1). Let b(g) = c*m(g) + r(g). Determine b(-7).
6
Let n be 2/9 + (3090/27)/(-2). Let b = -54 - n. Let c(h) = 3*h + 1. Let i(w) = 39*w + 12. Let m(x) = -27*c(x) + 2*i(x). Calculate m(b).
-12
Let a(b) be the third derivative of -2*b**2 + 7/6*b**3 + 37 + 1/120*b**6 + 0*b + 0*b**4 + 0*b**5. Give a(0).
7
Suppose 22 = -3*n + 25. Let w(t) = 3*t**3 + 2*t - 1 + 4*t**2 - 4*t**2. Give w(n).
4
Suppose -4*k + 18 + 18 = 0. Let w = 12 - k. Let b(l) be the first derivative of l**4/4 - 4*l**3/3 + 5*l**2/2 - 2*l + 2. What is b(w)?
4
Let m(f) = -5*f**2 + 6*f + 3. Let c(a) = -16*a**2 + 17*a + 8. Let d(i) = 4*c(i) - 11*m(i). Give d(1).
-8
Let y(s) = -28 + 11 + s - s**2 + 16. Let d(a) = -7*a**2 + 11*a - 5. Let c(x) = d(x) - 6*y(x). Calculate c(3).
7
Let a(o) = -6*o**3 - 39*o**2 + 74*o - 30. Let f(h) = h**3 + 8*h**2 - 15*h + 6. Let m(b) = 2*a(b) + 11*f(b). What is m(8)?
-2
Let d(y) = -3*y + 0 - 1024*y**2 + 4 - 1031*y**2 + 2057*y**2. Let u(p) = p. Let r be u(3). What is d(r)?
13
Let j(y) = y**3 + 8*y**2 + 10*y - 11. Let t be j(-6). Suppose 3*f + 7 = -5. Let n = f - t. Let o(u) = u**2 + 3*u - 7. Calculate o(n).
3
Let k(d) be the first derivative of 5*d**2 - 8/3*d**3 + 1/4*d**4 - 7*d + 3. Give k(6).
-19
Let d(q) = -q. Let l(a) = -5*a + 4. Let x(p) = -4*d(p) + l(p). Let i be x(3). Let b(s) = -s - 2*s**2 - 5*s**3 + 11*s**3 + 2*s. What is b(i)?
5
Let s be (-15)/35 + (-152)/(-28). Let o(k) = -k**3 + 5*k**2 - 2*k - 5. Determine o(s).
-15
Let l(w) = 2*w**2 - 5*w. Let x = -33 + 49. Let k = -12 + x. What is l(k)?
12
Let p(i) be the third derivative of -i**8/10080 - i**7/2520 + i**6/720 + 7*i**5/30 + 17*i**2. Let b(r) be the third derivative of p(r). Calculate b(-2).
-3
Let f(h) = 2*h**3 + h**2 - 3*h - 1. Let r(t) = 9*t**3 - t**2 - 18*t. Let v(j) = 4*f(j) - r(j). What is v(6)?
-4
Suppose 7*n + 3 = l + 8*n, -3*l + 5 = 2*n. Let x be (-2)/4*16/((-2)/l). Let b(h) = -h**2 - 1. Determine b(x).
-17
Let n(o) = -o**2 - 2*o + 4. Let l be n(-4). Let g(v) be the second derivative of 0 - 1/20*v**5 - 2*v + 2/3*v**3 - 1/4*v**4 - 5/2*v**2. Determine g(l).
-5
Let g(f) = -f**3 - 6*f**2 - 4. Let j be g(-6). Let h = 89 - 129. Let u be (-50)/h - 3/j. Let b(m) = -m**2 + 3*m - 3. Determine b(u).
-1
Let i(y) be the first derivative of -y**2/2 - 2*y + 12. Let s = 8 + -11. Let n be 0/3 - s*1. Calculate i(n).
-5
Let p(n) be the second derivative of 1/24*n**4 + 0 + n - 7/6*n**3 + 7/2*n**2. Let v(i) be the first derivative of p(i). What is v(-6)?
-13
Let q(d) = -d**2 - 2*d + 2. Let a(b) = -5*b**2 - 6*b + 8. Let j(z) = 2*a(z) - 9*q(z). Suppose 2*g + 5*k = 3*g - 16, -3*g - 2*k = -14. Determine j(g).
-2
Let g(x) = x**2 - x - 4. Let i be (-1)/(-2) + (-18)/(-4). Suppose 2*z = s - 2*s + 10, -i*z + 34 = -2*s. Let k be z/4*(0 + 2). What is g(k)?
2
Let p be ((-4)/(-2) + 6)*6. Let a be p/15 + (-2)/10. Let d(k) = -3*k - k**2 - a + 2*k**2 + 6*k. Give d